mmon factor of 1 and j?
1
Let u = 38 + -29. What is the highest common divisor of u and 9?
9
Let d be 11*((-57)/6)/((-1)/2). Calculate the greatest common divisor of 19 and d.
19
Let y be (4 + -6)*(-102)/4. Let x = 87 - y. What is the highest common factor of 9 and x?
9
Let t be ((-26)/(-4))/((-4)/(-40)). Suppose 9*s - t = 4*s. Let a = 453 - 310. Calculate the greatest common divisor of a and s.
13
Let f(d) = -d**2 - 7*d - 1. Let v be ((-6)/(-4))/(1/(-2)). Let c be f(v). Calculate the highest common divisor of 11 and c.
11
Let z(i) = -11*i**2 + i - 4. Let r(x) = -6*x**2 - 2. Let t(n) = 5*r(n) - 3*z(n). Let q be t(3). What is the greatest common divisor of 100 and q?
20
Let v be (-1)/4 + (-745)/(-4). Suppose -2*t + v + 30 = 0. What is the highest common factor of 12 and t?
12
Let r(z) = -z**2 - 13*z - 5. Let t be r(-12). Let k(i) = i + 12. Let b be k(-5). Calculate the highest common divisor of b and t.
7
Let u = -4 - -8. Suppose -5*y + u*a + a = -15, a = -2*y + 3. Let n be 6 + y + (0 - 2). What is the highest common factor of n and 9?
3
Let t(m) = m**2 - 2*m + 6. Let i be t(5). Suppose i = c + 3. Let g be (c/(-4))/(4/(-48)). What is the highest common divisor of g and 36?
18
Let t be (2/(-4))/((-1)/4). Suppose 4*k + 6 = 2. Let z = k + t. Calculate the greatest common divisor of 5 and z.
1
Let y(o) be the second derivative of -2*o + o**2 + 0 + 65/6*o**3. Let j be y(2). What is the highest common factor of j and 12?
12
Let f(w) = -3*w - 3. Let s be f(-2). Suppose -s*c + c = 0. Suppose -4*i + 6 + 26 = c. Calculate the highest common divisor of 24 and i.
8
Let n be 6*(1 + 0)*1. Let s(o) = -o**3 + 5*o**2 + 8*o + 5. Let x be s(n). What is the greatest common divisor of 187 and x?
17
Let b(f) = -6*f - 14. Let h be b(-6). Calculate the greatest common divisor of 2 and h.
2
Let d(x) = 6*x - 12. Let t be d(9). What is the greatest common factor of t and 6?
6
Let l be (1 - (-1 + 2))/1. Let r = -1 + l. Let n = 1 - r. Calculate the greatest common divisor of n and 10.
2
Let o(d) = 4*d + 4. Let s be o(4). What is the greatest common factor of s and 5?
5
Let i = 1 - -3. Suppose 0 = -5*o + i*k + 36, -3*o + 3*k - 2*k = -16. Calculate the greatest common factor of 20 and o.
4
Let f be ((-5)/10)/(2/8) + 12. What is the greatest common factor of 25 and f?
5
Let l be (2/4 - 0)*(38 - 0). Suppose -2*s + 148 = 2*n, -2*s = s - n - 230. What is the greatest common divisor of s and l?
19
Suppose 128 = 6*x + 38. Calculate the highest common divisor of 75 and x.
15
Suppose 4*a - 129 = 3*y - 25, -2*a = y - 62. What is the greatest common divisor of 145 and a?
29
Suppose 53 = -4*h + 5*h - p, -3*h - 5*p + 135 = 0. Calculate the highest common divisor of h and 75.
25
Let n = -66 - -83. Calculate the greatest common factor of n and 34.
17
Let l be 48/(-36)*1/((-4)/3). What is the highest common factor of l and 2?
1
Suppose 0 = -3*d + 56 + 19. Let q be (3 - (-1 + 3))*-2. Let h be q/6 - 32/(-6). What is the highest common divisor of d and h?
5
Let o(i) = -3*i**2 - 10*i - 2 - 1 + 2*i**2. Let t be o(-7). What is the highest common divisor of t and 27?
9
Let o(d) = -4*d - 9. Suppose -34 = 4*r - 10. Let c be o(r). Suppose 0 = -5*z - 19 + 49. What is the greatest common divisor of z and c?
3
Suppose 2*w = 3*w - 5. Let h be ((-2)/(-4))/(1/4). Suppose w*v = h*v + 45. What is the highest common factor of v and 30?
15
Let z = -1 - 1. Let i be -1*z/(6/81). What is the greatest common factor of 18 and i?
9
Let z be 2/(141/45 + -3). Calculate the highest common factor of z and 165.
15
Suppose 0*b + 79 = b + 3*s, 0 = -3*b - 2*s + 202. Let u = 39 - 23. What is the highest common factor of u and b?
16
Let h = -1 - -19. Suppose 2 = n - 3*n, -3*n - 165 = -d. Calculate the greatest common divisor of d and h.
18
Suppose 5*r = 3*y + y - 140, 2*y - 3*r - 72 = 0. Calculate the greatest common factor of y and 150.
30
Suppose -i = -5*i - 3*c + 57, 3*i - 4*c - 49 = 0. Let m be -120*(-2 - (-4 - -3)). What is the greatest common factor of i and m?
15
Let y be (-22)/55 - 164/(-10). Suppose -86 = -3*s + 16. Suppose -5*h - s = -3*p, 3*h + 46 = 5*p - 0*h. What is the highest common divisor of y and p?
8
Suppose -2*h + 8 + 8 = 0. Calculate the greatest common factor of 24 and h.
8
Suppose -3*h - 3*z + 33 = 0, 0 = h + 2*h + z - 29. Calculate the greatest common factor of 72 and h.
9
Let n = -13 - -18. Suppose 5*r = -0*r + 2*h + 20, -3*r + n*h = 7. Suppose 3*w - 24 = -w. What is the highest common factor of w and r?
6
Let s be (-1)/4 - 801/(-36). What is the greatest common divisor of 22 and s?
22
Let o = 96 - 52. Calculate the highest common divisor of o and 11.
11
Suppose h + 3*h = -16. Let j be 8/5 + h/(-10). Let o(g) = 15*g**2 + 2*g. Let b be o(j). What is the highest common factor of 16 and b?
16
Suppose 0 = d - m - 1, -m + 16 = 5*d + 5. Suppose -2*s + 14 = 4. Suppose 2*n + s*y - 43 = -0*n, 0 = 5*y - 15. Calculate the highest common factor of n and d.
2
Let b(r) = -16*r - 5. Let q be b(-5). Suppose -5*d + q = -0*d. Let p = 5 - 2. What is the highest common factor of p and d?
3
Let l(o) = -o**3 - 3*o**2 - 6*o - 6. Let d be l(-3). Suppose 0 = i - 2*m - 0*m - 14, -25 = -5*m. Calculate the highest common divisor of d and i.
12
Let y be 3/(-9)*(-1 + -41). Calculate the greatest common factor of y and 28.
14
Suppose 10*x - 11*x + 48 = 0. What is the highest common divisor of 36 and x?
12
Suppose 4*n - 3*o = 138, 5*n + o + 16 - 198 = 0. Suppose -s = -5 - 4. Calculate the highest common divisor of s and n.
9
Suppose p = 5*p - 72. Suppose -t + 24 + 7 = 4*z, 5*t - 2*z = 133. What is the highest common divisor of t and p?
9
Let u = -29 - -89. What is the greatest common factor of 24 and u?
12
Let q be 6/1 - (-14)/7. What is the greatest common factor of 8 and q?
8
Suppose 5*x + 4*j = 65, -x + 5 + 8 = -3*j. Let a = 23 - x. Calculate the greatest common factor of a and 10.
10
Let k(f) be the first derivative of -3*f**4/4 - f**3/3 - f**2 + 2*f + 3. Let p be k(-3). What is the greatest common factor of 10 and p?
10
Suppose 5*y - 6 = -4*i, y = -3*i + 7*i + 6. Let p(j) = -2*j - 5. Let d be p(-4). Suppose 0 = y*u - d*u + 66. What is the highest common divisor of 6 and u?
6
Let g(y) = 9*y**2 - y + 20. Let i be g(0). What is the greatest common factor of 100 and i?
20
Let t be (3/(-6))/((-5)/850). Suppose 136 = 7*v - 3*v. Calculate the highest common divisor of v and t.
17
Suppose 3*n - 4*f = 4, -3*n - 5*f = n - 26. Suppose -n*y + 10 = -6. Let j be (10/(-3))/(y/(-12)). Calculate the greatest common divisor of 110 and j.
10
Let r(q) = 68*q + 12. Let m be r(6). Let g be ((-6)/(-4))/(18/m). What is the highest common divisor of g and 35?
35
Suppose a + 0 + 1 = v, 4*a + 2*v - 14 = 0. Suppose 0 = -4*u - a + 14. Calculate the greatest common divisor of u and 6.
3
Suppose -2*r - s + 3 = 0, -4*s = -r - 3*r + 12. Let c be 1 - ((-36)/4 - r). Calculate the greatest common divisor of c and 132.
12
Let g(t) = -t + 1. Let x be g(-3). Let u be (-3)/x + (-981)/(-12). Suppose -2*d - 7 = o - 24, -2*o = 2. What is the highest common factor of d and u?
9
Let y = 30 + -8. Calculate the greatest common factor of y and 55.
11
Let n(o) = -o**3 + 14*o**2 + 2*o - 15. Let m be n(14). Suppose -5*l = 3*u - 8 - 15, -m = -3*l - 2*u. What is the highest common divisor of 14 and l?
7
Suppose r - 82 - 38 = 0. What is the greatest common divisor of 48 and r?
24
Let r = 12 + 6. What is the highest common factor of r and 126?
18
Let c = 15 + -8. Suppose -2*u = 5*g + 38, 2*g - u + 8 = -0*g. Let d be 2/g - 1480/(-30). What is the greatest common factor of c and d?
7
Let w = 99 + -71. What is the highest common factor of w and 196?
28
Let i(j) = -j - 28. Let k be i(-29). Calculate the highest common factor of k and 13.
1
Suppose 44 = 4*d - 0*l - l, d + 2*l = 11. Let b be (-6)/(-5)*(-10)/4. Let n be (-2)/b - 687/(-9). Calculate the highest common factor of n and d.
11
Let i = -9 + 21. Let f = -9 + 79. Suppose -3*a = d - f, -a + 2*d = a - 52. Calculate the greatest common factor of i and a.
12
Let t(g) = 5*g - 3. Let f(c) = -20*c + 12. Let y(b) = -2*f(b) - 9*t(b). Let w be y(-3). Calculate the greatest common factor of w and 9.
9
Suppose -27 - 54 = -4*f + 3*i, 0 = 3*f - 5*i - 58. Let l be 77/f - 2/3. Calculate the greatest common divisor of 24 and l.
3
Let q be (